 + d. Is s a prime number?
True
Let r(o) = 112*o + 74. Suppose 5*n + 28 = 98. Is r(n) prime?
False
Is ((-242243)/(-3))/(2/(-6))*(-254 + 253) a composite number?
False
Let o(j) = -j + 37. Let q be o(-6). Let v = -41 + q. Suppose 2*p - 8 = 0, a - v*p = p + 797. Is a a prime number?
True
Let m = -121215 - -200162. Is m a composite number?
True
Let s = 16267 + -354. Is s a prime number?
True
Suppose 55*a - 1529838 - 154867 = 0. Is a a composite number?
False
Let u = -148027 - -273968. Is u a prime number?
True
Suppose -4*r + 1115940 = -4*d, 0*r = 3*r + 2*d - 836965. Is r a composite number?
True
Let z(s) = s**2 - 2*s + 4323. Let o be z(0). Let x = o + -734. Is x a prime number?
False
Suppose -5*h + 3*c + 2538316 = 0, 2*h - c - 1519134 = -503809. Is h a prime number?
False
Let a(x) = -x**2 - 8*x - 8. Let s be a(-6). Let i(q) = -4*q**3 - 8*q**2 - 7*q + 7. Let p be i(-8). Suppose l + p = s*l. Is l composite?
True
Let s(l) = -8*l**3 - 2*l**2 - 6*l - 6. Let g be s(-4). Suppose -q + 788 - 783 = 0. Suppose -q*c - c = -g. Is c a composite number?
False
Suppose 81550945 = 651*v - 8160243 - 54620069. Is v prime?
True
Suppose -4*r + 667256 = -5*v + 9*v, -3*r + 834064 = 5*v. Suppose 66*o - 35*o = v. Is o composite?
False
Suppose -d - 3466 - 1819 = 0. Let z = d - -13383. Is z a prime number?
False
Let n = 97 + -91. Suppose 2*k - n = 0, 4*k = -3*b - k + 15. Suppose -5*t - 5*f + 6458 + 422 = b, 2757 = 2*t + f. Is t a prime number?
True
Suppose 5*l - 43551 = -2*o, 0 = l - 5*o - 1778 - 6916. Is l a prime number?
False
Let f(r) = -6*r - 49. Let z be f(-14). Is 5/(7/z*5/311) a prime number?
False
Let o(g) = g**3 + 7*g**2 + 4*g - 9. Let t be (9/4)/((-4)/((-192)/(-18))). Let r be o(t). Suppose -1338 = -5*c + r*c. Is c a prime number?
False
Suppose -391*u - 8259181 = -421*u + 485609. Is u a composite number?
True
Suppose 498568 = 63*n + 39991. Is n prime?
False
Suppose 2*z = -2*x + 74, 0*x + 3*x - 4*z = 83. Is (1288/24 - 1)/(2/x) prime?
False
Suppose -12*r = -11407 - 1043165. Is r a prime number?
True
Let i = -72359 - -153096. Is i a composite number?
False
Let q(g) = 492*g**3 + 17*g + 19 - 514*g**3 + 13*g**2 - g. Is q(-8) prime?
True
Let q be 61490/(-12) + (-2)/(-12). Let y = q - -9595. Is y a prime number?
False
Let j = 571 + -341. Suppose -12*h - j + 2906 = 0. Is h a composite number?
False
Let l = -1096 - 1171. Let u(p) = 2*p**2 - 46*p + 388. Let f be u(52). Let v = f + l. Is v a prime number?
False
Let m = 119 - 117. Is (m/6)/((-5)/(-245130)*2) composite?
False
Let n(j) = 3959*j**2 - 96*j - 355. Is n(-4) composite?
True
Let n = 3055 - 2182. Let o = n - -194. Is o a prime number?
False
Let a = 9904 + -4337. Is a prime?
False
Let y = 69726 - -52801. Is y composite?
False
Let w(g) = -9936*g - 8635. Is w(-53) prime?
False
Suppose -46*m = 227*m - 36740067. Is m a composite number?
True
Let k(q) = -q - q**2 - 3*q**3 - 8 + 4*q**3 - 2*q**3. Suppose -i - 23 = 3*n, 10 + 16 = -4*n + i. Is k(n) prime?
True
Suppose -v + 5 = 2. Suppose v*q - 2*q + m - 2794 = 0, 2809 = q - 4*m. Is q a prime number?
True
Suppose 5*w - 12182300 = -5*s, 4872927 = 2*w + 17*s - 16*s. Is w a composite number?
True
Suppose 5*l - 14215 = -4*f + 329, 5*f + 3*l - 18180 = 0. Is 0 + f - (2 + -3 + -2) composite?
True
Let f = -187 + 186. Let x(o) = -20619*o - 8. Is x(f) a composite number?
False
Suppose -2*q - 531 = -519, 4*d = -3*q + 2743178. Is d composite?
True
Let j(o) = -o**2 - 21*o - 77. Let n be j(-16). Is 2 + ((-160931)/(-69) - 4/n) a composite number?
False
Let x = -222 - -227. Suppose -4*z = 3*t - 8031 - 1012, x*t - 25 = 0. Is z composite?
True
Let c = -5 - -11. Suppose 7*h - 18252 = -c*h. Suppose -4*d - 232 = -h. Is d a prime number?
True
Suppose -3*n = -2*d - 374424, 4*d - 116 = -152. Is n a composite number?
True
Let d(n) = -n - 1. Let r be d(-4). Suppose 9*q + r = 12*q. Is (15 - -72)/(0 + q) a composite number?
True
Let c be ((-13)/(-26)*-27406)/(1 + 0). Let b = 27204 + c. Is b composite?
True
Let f(j) = 3*j - 29. Let r be f(10). Let c = r + 15. Suppose 0 = -5*y - c + 121. Is y a composite number?
True
Suppose 4158517 = 53*w + 60*w - 102*w. Is w composite?
True
Suppose 5*p = -0*p + 230. Let s be (-1 - 0) + 212 + 0/(-1). Suppose 47*k = p*k + s. Is k composite?
False
Let h(d) = 27*d**2 + 3*d + 4. Let m be h(11). Suppose 5*i - 5*v + 1989 = -4836, 1375 = -i - v. Let u = m + i. Is u a prime number?
False
Let o be (-4)/3 + (-2 - 64342/(-3)). Suppose 19*m = 15*m + o. Is m a composite number?
True
Let a(g) = 144*g**3 - 15*g**2 + 86*g - 347. Is a(8) a prime number?
False
Let a = -3 + 3. Suppose -3*f = -a*f - 573. Let i = f + 0. Is i a prime number?
True
Let a(b) = 26*b - 182. Let x be a(7). Suppose 3*i + 14 - 275 = x. Is i prime?
False
Suppose -100*q = 14*q + 49*q - 63229493. Is q prime?
True
Let w be (1/4)/(2/16). Suppose h - 2 = -5*r + w*h, 4*r - h = 2. Suppose 3*c = 4*c + 5, -x - 3*c + 466 = r. Is x prime?
False
Suppose 4*y = -131 + 127, 4*x - 1150987 = -y. Is x composite?
False
Let h(c) = c**3 + 56*c**2 + 42*c - 680. Let t be h(-55). Let z be 11*1*(-16)/(-2). Let a = z - t. Is a a prime number?
True
Suppose -288 = w + 3*w. Let o = w + 174. Let z = 76 + o. Is z composite?
True
Let n = 435085 - 272880. Is n a prime number?
False
Let w(z) = -3928*z + 7767. Is w(-12) a composite number?
True
Let y = 36338 + -51544. Let d be y/((-2)/8*-4). Is (-1)/(d/(-3802) + -4) a composite number?
False
Let i(q) = 668*q**3 - 3*q**2 - 40*q + 152. Is i(3) composite?
False
Suppose -4*y - 4*s + 18 = -18, 22 = 2*y - 2*s. Suppose y*a = -8 - 32. Is (-4 + 3)*a/2 - -743 composite?
True
Suppose -12*b + 13*b - 5*g - 1307 = 0, 4*g + 16 = 0. Let p = 18944 - b. Is p a composite number?
False
Suppose -1619 = -0*t - t. Suppose 0 = -130*m + 119*m + 1980. Let f = t - m. Is f composite?
False
Suppose -36*i + 39*i + 441 = 0. Is (-7)/(i/80143) - 4/(-6) a prime number?
False
Let n(y) = 3*y**2 - 1. Let p be n(-1). Suppose 3*w + c - 51 = -15, 24 = p*w - 3*c. Suppose w*v = 6*v + 10914. Is v a composite number?
True
Suppose -2*p = 4*g - 40, 6*g = 3*g - 3*p + 30. Let h(r) = 1617*r - 137. Is h(g) a prime number?
True
Let k(a) = 2*a**3 - 53*a**2 + 22*a - 110. Is k(49) composite?
False
Suppose 4*o + 87*p - 1519680 = 90*p, 5*p = -3*o + 1139789. Is o a prime number?
False
Suppose -21081*x + 1672534 = -21079*x. Is x prime?
True
Suppose 0 = 4*i + 7*j - 2*j, 0 = -5*i + j + 29. Suppose -16 = 2*d - 3*d - i*t, 4*d + 5*t = 34. Is ((-5937)/d)/((-2)/4) composite?
False
Suppose 11*c = c + 240. Let v = 30 - c. Is 1971/v*(-2)/(-3) prime?
False
Let k be (-2)/(-10) + (-56570960)/(-200). Suppose 4*i = -5*s + k, -9*s + 13*s = -2*i + 226278. Is s prime?
False
Suppose 2*m = c + 4*c + 14, 10 = 5*c. Suppose 7*h - m*h = -42095. Is h composite?
False
Let v(d) = -17538*d + 284. Is v(-5) prime?
False
Suppose 512*s + 2*g = 517*s - 1414699, 2*s = 2*g + 565888. Is s a composite number?
True
Let b be ((-32)/(-40))/((-4)/30*1). Is ((-1570)/(-25))/(b/(-30)) composite?
True
Suppose 19*d - 210416 = 18*d - 5*f, -3*f = -5*d + 1051940. Is d a prime number?
True
Let n(t) = 52*t**2 - 7*t + 11. Let i = -121 - -127. Is n(i) a composite number?
True
Let j = -43 - -37. Let g be (-6)/(-3 - 16/j). Suppose g*a = 11*a + 1757. Is a composite?
False
Let l(t) = 14*t**2 + 2*t - 2. Let b = -45 + 45. Suppose -8*i + 6*i - 6 = b. Is l(i) a prime number?
False
Let q be (368/24 + -6)*(-1 - -184). Suppose 1703*x - q*x + 345955 = 0. Is x prime?
True
Let n = -6056 - -10427. Suppose -4*j - 2*d = -3849 - n, 0 = j + d - 2057. Is j composite?
False
Let l = 19231 - 10202. Is l composite?
False
Let f(z) = -2079*z - 449. Is f(-8) a composite number?
False
Suppose 2*h + 5*c - 22 = 2*c, 0 = -3*c. Let x be ((-3)/6)/(h/(-924)). Is 4/14 + -2843*(-30)/x prime?
False
Let x(i) = -14*i**3 - 5*i**2 + 4*i + 9. Suppose -2*u = m - 0*u + 13, 3*m + 47 = -4*u. Let j = -25 - m. Is x(j) composite?
False
Let l = -800 - -803. Is ((-405)/(-4) + l)/((-15)/(-220)) prime?
False
Suppose 3*h - 1 = -0*h - 4*n, -13 = 5*h + 3*n. Is 151937/15 - (219/(-45) - h) a prime number?
False
Suppose -5*b + 25 = 5*p, -6*p = -4*p - 10. Let d(r) be the third derivative of r**5/60 + r**4/24 + 529*r**3/6 - 620*r**2. Is d(b) a composite number?
True
Let s = 27 + -21. Suppose 4*p + h - s*h - 12534 = 0, -3*p = h - 9410. Suppose -4504 - p = -8*m. Is m a com